{"id":2120,"date":"2019-05-07T14:41:43","date_gmt":"2019-05-07T11:41:43","guid":{"rendered":"http:\/\/34.65.207.89\/?page_id=2120"},"modified":"2020-02-10T11:50:48","modified_gmt":"2020-02-10T08:50:48","slug":"training-calendar-_-tr","status":"publish","type":"page","link":"https:\/\/www.ideus.com.tr\/index.php\/tr\/training-calendar-_-tr\/","title":{"rendered":"Training Calendar _ Tr"},"content":{"rendered":"<p><section data-kc-fullwidth=\"content\" class=\"kc-elm kc-css-560848 kc_row\"><div class=\"kc-row-container\"><div class=\"kc-wrap-columns\"><div class=\"kc-elm kc-css-898830 kc_col-sm-12 kc_column kc_col-sm-12\"><div class=\"kc-col-container\"><div class=\"kc-elm kc-css-161296 kc-animated kc-animate-eff-fadeInDown kc_shortcode kc_single_image\">\n\n        <img src=\"https:\/\/www.ideus.com.tr\/wp-content\/uploads\/2019\/08\/mainHeader_training_calender-1.jpg\" class=\"\" alt=\"\" \/>    <\/div>\n<\/div><\/div><\/div><\/div><\/section><section class=\"kc-elm kc-css-666692 kc_row\"><div class=\"kc-row-container  kc-container\"><div class=\"kc-wrap-columns\"><div class=\"kc-elm kc-css-480216 kc_col-sm-12 kc_column kc_col-sm-12\"><div class=\"kc-col-container\">\n<div class=\"kc-elm kc-css-938336 divider_line\">\n\t<div class=\"divider_inner divider_line3\">\n\t\t<span class=\"line_text\">E\u011fitimlerimiz<\/span>\t<\/div>\n<\/div>\n<div class=\"kc-elm kc-css-699325 kc_text_block\"><\/p>\n<table>\n<tbody>\n<tr>\n<td><img loading=\"lazy\" class=\"alignnone size-medium aligncenter\" src=\"http:\/\/gcp.ideus.com.tr\/wp-content\/uploads\/2019\/08\/Palo-Alto-.png\" alt=\"\" width=\"50\" height=\"50\" \/><\/td>\n<td style=\"text-align: left;\">Palo Alto Networks\u00ae E\u011fitimleri<\/td>\n<td><img loading=\"lazy\" class=\"alignnone size-medium aligncenter\" src=\"http:\/\/gcp.ideus.com.tr\/wp-content\/uploads\/2019\/08\/HPE-Aruba.png\" alt=\"\" width=\"50\" height=\"50\" \/><\/td>\n<td style=\"text-align: left;\">HPE Aruba Networks\u00ae E\u011fitimleri<\/td>\n<td><img loading=\"lazy\" class=\"alignnone size-medium aligncenter\" src=\"http:\/\/gcp.ideus.com.tr\/wp-content\/uploads\/2019\/08\/VILT-\u2013-Virtual-Instructor-Led.png\" alt=\"\" width=\"96\" height=\"94\" \/><\/td>\n<td style=\"text-align: left;\">VILT &#8211; Online E\u011fitim<\/td>\n<td><img loading=\"lazy\" class=\"alignnone size-medium aligncenter\" src=\"http:\/\/gcp.ideus.com.tr\/wp-content\/uploads\/2019\/08\/Guaranteed-to-run.png\" alt=\"\" width=\"94\" height=\"90\" \/><\/td>\n<td style=\"text-align: left;\">A\u00e7\u0131lmas\u0131 Garanti S\u0131n\u0131f<\/td>\n<\/tr>\n<\/tbody>\n<\/table>\n<p>\n<\/div><\/div><\/div><\/div><\/div><\/section><section class=\"kc-elm kc-css-786976 kc_row\"><div class=\"kc-row-container  kc-container\"><div class=\"kc-wrap-columns\"><div class=\"kc-elm kc-css-979409 kc_col-sm-12 kc_column kc_col-sm-12\"><div class=\"kc-col-container\">[stachethemes_ec]<\/div><\/div><\/div><\/div><\/section><section class=\"kc-elm kc-css-957955 kc_row\"><div class=\"kc-row-container\"><div class=\"kc-wrap-columns\"><div class=\"kc-elm kc-css-172555 kc_col-sm-12 kc_column kc_col-sm-12\"><div class=\"kc-col-container\">\n<div class=\"kc-elm kc-css-554239 kc-animated kc-animate-eff-pulse kc-call-to-action kc-cta-3 kc-is-button\">\n\n\t<div class=\"kc-cta-desc\"><h2>Detayl\u0131 Bilgi \u0130\u00e7in<\/h2><div class=\"kc-cta-text\">Palo Alto Networks ve HPE Aruba E\u011fitimleri i\u00e7in bizimle ileti\u015fime ge\u00e7in.<\/div><\/div><div class=\"kc-cta-button\"><a href=\"https:\/\/www.ideus.com.tr\/index.php\/tr\/iletisim\/\" title=\"\u0130leti\u015fim\" target=\"_blank\">\u0130leti\u015fim<\/a><\/div>\n<\/div>\n<\/div><\/div><\/div><\/div><\/section><section class=\"kc-elm kc-css-736967 kc_row\"><div class=\"kc-row-container  kc-container\"><div class=\"kc-wrap-columns\"><div class=\"kc-elm kc-css-514732 kc_col-sm-12 kc_column kc_col-sm-12\"><div class=\"kc-col-container\">\n<div class=\"kc-elm kc-css-314726 kc-animated kc-animate-eff-bounceIn divider_line\">\n\t<div class=\"divider_inner divider_line3\">\n\t\t\t<\/div>\n<\/div>\n<\/div><\/div><\/div><\/div><\/section><\/p>\n","protected":false},"excerpt":{"rendered":"","protected":false},"author":1,"featured_media":0,"parent":0,"menu_order":0,"comment_status":"closed","ping_status":"closed","template":"tpl-king-composer.php","meta":{"spay_email":""},"_links":{"self":[{"href":"https:\/\/www.ideus.com.tr\/index.php\/wp-json\/wp\/v2\/pages\/2120"}],"collection":[{"href":"https:\/\/www.ideus.com.tr\/index.php\/wp-json\/wp\/v2\/pages"}],"about":[{"href":"https:\/\/www.ideus.com.tr\/index.php\/wp-json\/wp\/v2\/types\/page"}],"author":[{"embeddable":true,"href":"https:\/\/www.ideus.com.tr\/index.php\/wp-json\/wp\/v2\/users\/1"}],"replies":[{"embeddable":true,"href":"https:\/\/www.ideus.com.tr\/index.php\/wp-json\/wp\/v2\/comments?post=2120"}],"version-history":[{"count":28,"href":"https:\/\/www.ideus.com.tr\/index.php\/wp-json\/wp\/v2\/pages\/2120\/revisions"}],"predecessor-version":[{"id":8405,"href":"https:\/\/www.ideus.com.tr\/index.php\/wp-json\/wp\/v2\/pages\/2120\/revisions\/8405"}],"wp:attachment":[{"href":"https:\/\/www.ideus.com.tr\/index.php\/wp-json\/wp\/v2\/media?parent=2120"}],"curies":[{"name":"wp","href":"https:\/\/api.w.org\/{rel}","templated":true}]}}